y. Let j be q(x). Let n(d) = d**2 + 4*d + 1. Calculate n(j).
6
Let b(n) be the third derivative of n**4/6 + n**3/3 + 2*n**2. Suppose 0 = 4*k - 6 - 10. Suppose m = c - k, 0*m + 2*m - c + 6 = 0. Calculate b(m).
-6
Let c(u) = u**2 + 5*u + 1. Suppose 4*j - 4*x + 4 = 0, 2*x - 14 = -0*j - 4*j. Let z be ((-3)/6)/(j/8). Determine c(z).
-5
Let c(k) be the first derivative of -2*k**3/3 + 3*k**2/2 - k + 8. Calculate c(2).
-3
Let c(i) = -i + 1. Suppose 2 = 4*v + 6. Let k be -1 + 2/(2 + 0). Let t = v + k. Determine c(t).
2
Let d be ((-28)/6 + 4)*6. Let c(a) = -a - 6. Let h(m) = 2*m + 11. Let u(w) = -10*c(w) - 6*h(w). Calculate u(d).
2
Let g(t) = -t**3 - 11*t**2 - 12*t - 7. Let w(q) = q**3 + 10*q**2 + 11*q + 7. Let m(r) = -3*g(r) - 4*w(r). Calculate m(-6).
5
Let j(p) = p**3 - 2*p**2 - 3*p - 3. Let s be j(4). Suppose -3*h = -s - 10. Let v = -5 + h. Let w(b) = b**3 - 3*b**2 - 4*b + 1. Determine w(v).
1
Let v be 2 + 4/(-1) + 5. Suppose -v*w - 3 = -18. Let l(t) be the first derivative of t**2/2 - 8*t + 1. Calculate l(w).
-3
Suppose 13 + 7 = -5*c. Let a(m) = m - 5. What is a(c)?
-9
Let q(o) = -o**2 + 4. Suppose -11 = -5*z + 2*i, -2*z - 2*i = -4 - 6. Give q(z).
-5
Let w = -32 + 36. Let f(i) be the second derivative of -1/12*i**w + i**3 + 0 - i**2 - 4*i. What is f(3)?
7
Suppose 0*w = -5*w - 10. Let q(u) = 4*u**3 - 8*u**2 - 5*u - 4. Let k(l) = -l**3 + l**2 + l + 1. Let y(o) = -5*k(o) - q(o). Determine y(w).
3
Let n(l) = 6*l**3 + 2*l**2 - l. Let p be ((-4)/2 - 0) + 0. Let q be p/(-9) - (-28)/36. Determine n(q).
7
Suppose -2*p + 15 = 2*u - 7*u, u + 3*p + 20 = 0. Let y(r) = -r**2 - 5*r + 1. What is y(u)?
1
Let d = 3 + -5. Suppose -3*w = 4*c - 35, w - 15 - 10 = -4*c. Let b(a) = -5*a + 4*a + w*a. Calculate b(d).
-8
Let l(g) = -7*g - 4*g + 14 + 40*g**2 - 39*g**2. Determine l(10).
4
Let t(a) = -a**2 + 2*a - 2. Let b(m) = 2*m + 9. Let z be b(-6). Suppose 3*v + 3 = 0, 0 = -5*k + 2*k + 5*v + 20. Let q = k + z. Calculate t(q).
-2
Let z be 9/2*(-6)/(-9). Let s(d) = -2*d + 3. What is s(z)?
-3
Let c(l) be the second derivative of l**4/12 - 7*l**2/2 - 7*l - 1. What is c(0)?
-7
Let t(i) = -i + 6. Let x be t(6). Let p(m) = -m - 5. Calculate p(x).
-5
Let k(n) be the first derivative of -n**4/4 + 5*n**3/3 + 3*n**2 + 2*n + 24. Determine k(6).
2
Suppose 0*z - 12 = 2*z. Let f(k) = -2*k**2 + 8*k + 5. Let w(y) = 2*y**2 + 1 + 8*y + 0*y**2 + 5 - 3*y**2. Let o(i) = -2*f(i) + 3*w(i). What is o(z)?
-4
Let x(j) = -j**2 + 6*j - 4. Suppose -3 = -4*a + 2*a + p, -a = 2*p - 14. What is x(a)?
4
Let s(q) = 3*q**2 - 7*q - 4. Let a(l) = l**2 - l - 1. Let o(v) = -5*a(v) + s(v). Suppose 2*g = n - 7, -n - 2 = -3*g - 12. Calculate o(n).
-3
Suppose 4 = u + 1. Let t(c) = 3*c**3 + 3*c - 4*c**u + 10*c**2 - 1 - 4*c**2 - 8*c**2. Calculate t(-3).
-1
Suppose -15 = 7*f - 10*f. Let t(r) = r**2 - 5*r + 2. Calculate t(f).
2
Let c(z) = 3*z**2 + 2*z - 1. Suppose -5*i - 7*n + 17 = -3*n, 4 = -2*i + 2*n. Give c(i).
4
Let n be 33/15 + (-1)/5. Let y(q) = -7 - q**2 - 7*q - 8 + 14 + n*q. What is y(-4)?
3
Suppose -b + 3*b - 4 = 0. Suppose b*w + u - 7 = 0, -w + 3*u = -u + 1. Let z(i) = 1 + i**2 - 3*i + 1 + 0. What is z(w)?
2
Let i(n) = -3*n + 2. Let m be i(4). Let a be (-2)/10 - 32/m. Let p(q) = q**2 - 2*q + 3. Determine p(a).
6
Let b be (-15)/(-6) - (-3)/(-6). Let k(i) = -1 - i**b + 0 + 2*i**2. Let d be 1*(-2 + 1) - 0. Give k(d).
0
Suppose 3*q - 3 = 3, x = -4*q + 7. Let a(l) be the second derivative of l**5/10 + l**4/12 + l**3/6 + l**2/2 + 2*l. What is a(x)?
-1
Let j(l) = -4*l. Let c be j(-1). Suppose 0 = -4*a - 3*b + b + 38, 4*b + 4 = 0. Let s(g) = a*g - 4*g - 3 - 19*g**2 + g**3 + 14*g**2. Determine s(c).
5
Let i be 5 + 3/(-6)*(0 + 0). Let y(o) = -2*o + 1 - 4*o**2 + o**3 - 5*o + 4. Calculate y(i).
-5
Let p(b) = b**3 + 7*b**2 + 4*b - 6. Let w(r) = -3 - 7*r**2 - r**3 - 1 - 2 + 8*r. Suppose -4*t + 0*t = 32. Let l be w(t). Give p(l).
6
Let k be 4*(-1)/(6/(-3)). Let h(c) = k - c - c - 1 - 5*c. Determine h(1).
-6
Let v(w) = -3 - 1 + w + 3 + 2. What is v(-3)?
-2
Let w(g) = g**2 + g + 1. Let m(h) = 6*h**2 + 10*h - 3. Let l = 16 + -20. Let j(o) = l*w(o) + m(o). Give j(-5).
13
Let q(b) = 2 + 2*b + 3*b**3 - 4*b**3 + b. Let n be 120/(-66) - 14/77. Give q(n).
4
Let z(t) = 2*t**3 + t**2 - 3*t + 13. Suppose -3*s - 14 = -7*s + q, 5*q - 5 = -5*s. Let d(m) = -m**3 - m**2 + 2*m - 13. Let w(y) = s*d(y) + 2*z(y). Give w(0).
-13
Suppose 2*o = -2*b + 6, b - 3 - 9 = -4*o. Suppose -o*q + 3 = -0. Let r(d) = -d**2 - d. Calculate r(q).
-2
Let g(c) = 3*c + 4. Suppose 4 = v, -2*o + 0*o + 8 = 5*v. What is g(o)?
-14
Let n = -7 - -13. Let x(i) = -19*i + 7. Let w(b) = 3*b + 1. Let d(k) = 6*w(k) + x(k). Calculate d(n).
7
Let i be 3/2*(-40)/(-30). Let w be (-2 + -1)/(0 - 1). Let h(y) = 2 + 0 - y**3 - 3*y**i + 0*y**w - 3 + 4*y. What is h(-4)?
-1
Let k(i) = -4*i - 1. Suppose 0*a - 2*a = -8. Let u = -2 + a. Give k(u).
-9
Let q(j) = -1 + 1 - 1 - j - 4*j**2 + 3*j**3 - 2*j**3. Calculate q(4).
-5
Let g(l) = -7*l**2 + l - 2. Let y(i) = i**2 + 1. Let a(n) = g(n) + 6*y(n). Determine a(0).
4
Let g(t) = 1 - 4 + 3*t**2 - 2*t**2 - 4*t. Let m(w) = -w**2 + w. Let i be m(0). Suppose 5*s = q - 20, i = 3*q - 2*s - 0*s - 21. Determine g(q).
2
Let w(o) = o - 5. Suppose z = -4*z - 5*q + 45, -25 = -3*z - 2*q. Determine w(z).
2
Let n(k) = -k**3 + 5*k**2 - k + 3. Suppose 7*a - 26 = 9. Calculate n(a).
-2
Let b be 2/(-8) + 63/12. Let a be ((-4)/b)/((-10)/25). Let u(q) = 4*q + 1 + 1 - 5*q. Determine u(a).
0
Suppose 12*x = 10*x + 2. Let f(m) = -8*m - 1. Calculate f(x).
-9
Suppose 5 = -2*r - 3*y, -6 = -4*r + 3*y + 11. Let u(i) be the first derivative of 2/3*i**3 + 5/2*i**r - 2 - 4*i. Calculate u(-4).
8
Let w be (-57)/6 + (-3)/6. Let c = -5 - -13. Let y = w + c. Let j(r) = r**2 + 2*r + 1. What is j(y)?
1
Let n(b) be the second derivative of b**7/840 - 3*b**4/8 + 5*b**3/6 - 4*b. Let v(x) be the second derivative of n(x). Determine v(0).
-9
Suppose j - 2*j - 5*i = 29, 0 = 3*j + 5*i + 37. Let b(u) = -u**3 - 5*u**2 - 3*u + 2. Determine b(j).
-2
Let w(y) = y**3 + 5*y**2 + 3*y - 2. Suppose -n - 6 = n. Determine w(n).
7
Let a(h) = h + 4*h + 4 + h**2 - h. Let z(y) = -1. Let f(p) = a(p) + 3*z(p). Let n be (-7 - 1)/(-12 + 14). What is f(n)?
1
Let h(b) = -4*b**2 - 1 + 12*b + 2*b**2 - 17*b + b**2. Give h(-6).
-7
Let b(l) = -2*l - 4. Let v be (-1 + 3 + 4)/2. Determine b(v).
-10
Let l(x) = 2*x + 5. Let j(i) = -2*i - 5. Let b(f) = 6*j(f) + 7*l(f). Let o be b(-5). Let c(q) = -q**3 - 5*q**2 - q + 5. Give c(o).
10
Let y(p) = -3*p**2 - p + 7. Let s(d) = -d**2. Let m(x) = -2*s(x) + y(x). Let w(k) = -k**3 + 14*k**2 - 12*k - 13. Let v be w(13). Determine m(v).
7
Let r(b) be the first derivative of b**4/4 + b**3/3 - b**2/2 + 6*b + 18. Give r(0).
6
Let l(g) be the second derivative of -g**7/840 + g**6/72 + g**5/40 - g**4/6 + g**3/6 + 2*g. Let k(r) be the second derivative of l(r). Calculate k(5).
11
Let d(k) be the first derivative of 1/4*k**4 - 4*k - 5*k**2 + 4 + 3*k**3. Let c be d(-10). Let g(f) = -f - 7. Give g(c).
-3
Let f(i) = -5*i - 2 - 1 + 2*i**2 - 5*i**2 - 46*i**3 + 45*i**3. Determine f(-3).
12
Suppose -2*b - 3*b = -20. Let g(x) = 5*x**2 - 4*x + 8 + 44*x**3 - 45*x**3 - 2. Give g(b).
6
Let y(d) = 5*d**3 - 8*d**2 - 6*d + 6. Let b(h) = -h**3 - h. Let w(f) = 4*b(f) + y(f). Let p be w(9). Let o(k) = -2 + 2 - 1 - k. Calculate o(p).
2
Let m(g) = 37 - 2*g - 74 + g**2 + 33. Give m(4).
4
Let w = 0 - -4. Let y(r) be the second derivative of r**5/20 - r**4/4 - 2*r**3/3 - r**2/2 - 17*r - 3. Give y(w).
-1
Let f(c) = -2*c**3 - 19*c**2 + 2*c + 7. Let s(t) = -t**3 - 19*t**2 + 10*t**2 + t + 5 - 2. Let o(u) = 4*f(u) - 9*s(u). Give o(-5).
6
Let p(k) = -6*k**3 + 3*k**3 + 11*k**2 - 10*k**2. Calculate p(1).
-2
Let j be (-2 + 1)*(-2)/1. Let w be 4/8 + (-11)/j. Let m(p) = 5 - 3*p + 4*p - 3. Calculate m(w).
-3
Let g(y) be the third derivative of y**4/24 - 5*y**2. Calculate g(-5).
-5
Let u(j) = -j**3 - 4*j + 3. Let s(b) = b**3. Let g(i) = i**3 - 3*i**2 + 3*i - 1. Let p(w) = g(w) + 2*s(w). Let n be p(1). Calculate u(n).
-13
Let i(y) = -y**3 - y**2 - y - 1. Let r(d) = 6*d**3 + 5*d**2 + 2*d + 6. Let c(g) = -5*i(g) - r(g). Let u be (-8)/(-6)*39/26. Give c(u).
-3
Suppose -i - w - 2 = 0, i + 3 = w + 9. Let x(z) = -9*z + 7. Let a(d) = -4*d + 3. Let t(j) = -13*a(j) + 6*x(j). Calculate t(i).
-1
Suppose -4*o = -v - 0*v - 2, -4*v = 8. Suppos